{"version":"1.0","provider_name":"Foundation Alvaralice","provider_url":"https:\/\/alvaralice.org\/en","author_name":"alvaralice","author_url":"https:\/\/alvaralice.org\/en\/author\/alvaralice\/","title":"Cali, How are we doing? socialization of the 2016 citizen perception survery","type":"rich","width":600,"height":338,"html":"<blockquote class=\"wp-embedded-content\" data-secret=\"d8KIVNLQ9i\"><a href=\"https:\/\/alvaralice.org\/en\/news\/cali-go-socialize-citizen-perception-survery-2016\/\">Cali, How are we doing? socialization of  the 2016 citizen perception survery<\/a><\/blockquote><iframe sandbox=\"allow-scripts\" security=\"restricted\" src=\"https:\/\/alvaralice.org\/en\/news\/cali-go-socialize-citizen-perception-survery-2016\/embed\/#?secret=d8KIVNLQ9i\" width=\"600\" height=\"338\" title=\"&#8220;Cali, How are we doing? socialization of  the 2016 citizen perception survery&#8221; &#8212; Foundation Alvaralice\" data-secret=\"d8KIVNLQ9i\" frameborder=\"0\" marginwidth=\"0\" marginheight=\"0\" scrolling=\"no\" class=\"wp-embedded-content\"><\/iframe><script type=\"text\/javascript\">\n\/* <![CDATA[ *\/\n\/*! This file is auto-generated *\/\n!function(d,l){\"use strict\";l.querySelector&&d.addEventListener&&\"undefined\"!=typeof URL&&(d.wp=d.wp||{},d.wp.receiveEmbedMessage||(d.wp.receiveEmbedMessage=function(e){var t=e.data;if((t||t.secret||t.message||t.value)&&!\/[^a-zA-Z0-9]\/.test(t.secret)){for(var s,r,n,a=l.querySelectorAll('iframe[data-secret=\"'+t.secret+'\"]'),o=l.querySelectorAll('blockquote[data-secret=\"'+t.secret+'\"]'),c=new RegExp(\"^https?:$\",\"i\"),i=0;i<o.length;i++)o[i].style.display=\"none\";for(i=0;i<a.length;i++)s=a[i],e.source===s.contentWindow&&(s.removeAttribute(\"style\"),\"height\"===t.message?(1e3<(r=parseInt(t.value,10))?r=1e3:~~r<200&&(r=200),s.height=r):\"link\"===t.message&&(r=new URL(s.getAttribute(\"src\")),n=new URL(t.value),c.test(n.protocol))&&n.host===r.host&&l.activeElement===s&&(d.top.location.href=t.value))}},d.addEventListener(\"message\",d.wp.receiveEmbedMessage,!1),l.addEventListener(\"DOMContentLoaded\",function(){for(var e,t,s=l.querySelectorAll(\"iframe.wp-embedded-content\"),r=0;r<s.length;r++)(t=(e=s[r]).getAttribute(\"data-secret\"))||(t=Math.random().toString(36).substring(2,12),e.src+=\"#?secret=\"+t,e.setAttribute(\"data-secret\",t)),e.contentWindow.postMessage({message:\"ready\",secret:t},\"*\")},!1)))}(window,document);\n\/* ]]> *\/\n<\/script>\n","thumbnail_url":"https:\/\/alvaralice.org\/wp-content\/uploads\/sites\/2\/2017\/05\/invitaci\u00f3n.jpg","thumbnail_width":800,"thumbnail_height":870,"description":"The Alvaralice Foundation, together with the Chamber of Commerce of Cali, Chamber of Commerce of Bogot\u00e1, El Pa\u00eds, El Tiempo, Corona Foundation, Universidad Aut\u00f3nomade Occidente and Universidad Javeriana as partners in the Cali Como Vamos program invites you to the presentation of the Citizen perception survey 2016 that will be held next Thursday, April 6 [&hellip;]"}

https://alvaralice.org/wp-content/uploads/sites/2/2017/05/invitación.jpg

The Alvaralice Foundation, together with the Chamber of Commerce of Cali, Chamber of Commerce of Bogotá, El País, El Tiempo, Corona Foundation, Universidad Autónomade Occidente and Universidad Javeriana as partners in the Cali Como Vamos program invites you to the presentation of the Citizen perception survey 2016 that will be held next Thursday, April 6 [&hellip;]
